nder when 4826697 is divided by 519?
516
Calculate the remainder when 25474 is divided by 3184.
2
Calculate the remainder when 4431 is divided by 178.
159
What is the remainder when 1323 is divided by 451?
421
Calculate the remainder when 133754 is divided by 160.
154
Calculate the remainder when 10257 is divided by 751.
494
What is the remainder when 7026 is divided by 462?
96
Calculate the remainder when 315806 is divided by 87.
83
Calculate the remainder when 24305 is divided by 151.
145
What is the remainder when 2344 is divided by 153?
49
Calculate the remainder when 7469 is divided by 1809.
233
What is the remainder when 63041 is divided by 158?
157
What is the remainder when 1649 is divided by 608?
433
Calculate the remainder when 18469 is divided by 180.
109
Calculate the remainder when 22844 is divided by 25.
19
What is the remainder when 6712 is divided by 957?
13
What is the remainder when 245071 is divided by 245060?
11
What is the remainder when 7774499 is divided by 73?
72
Calculate the remainder when 1535 is divided by 110.
105
What is the remainder when 7224 is divided by 150?
24
Calculate the remainder when 247203 is divided by 123585.
33
What is the remainder when 7310 is divided by 676?
550
Calculate the remainder when 1013 is divided by 50.
13
Calculate the remainder when 57711 is divided by 400.
111
Calculate the remainder when 487317 is divided by 40.
37
What is the remainder when 2875 is divided by 544?
155
What is the remainder when 1807533 is divided by 8?
5
What is the remainder when 13069 is divided by 6495?
79
What is the remainder when 8518 is divided by 30?
28
Calculate the remainder when 1567 is divided by 212.
83
Calculate the remainder when 7398 is divided by 100.
98
What is the remainder when 44111 is divided by 90?
11
What is the remainder when 266549 is divided by 88843?
20
What is the remainder when 6441 is divided by 648?
609
What is the remainder when 34790 is divided by 137?
129
What is the remainder when 340 is divided by 176?
164
What is the remainder when 88501 is divided by 203?
196
What is the remainder when 2748498 is divided by 500?
498
What is the remainder when 7562 is divided by 179?
44
What is the remainder when 38995 is divided by 250?
245
What is the remainder when 869 is divided by 217?
1
What is the remainder when 31925 is divided by 6382?
15
What is the remainder when 613154 is divided by 997?
996
What is the remainder when 227801 is divided by 11?
2
Calculate the remainder when 14922 is divided by 706.
96
What is the remainder when 440046 is divided by 25885?
1
Calculate the remainder when 52427 is divided by 481.
479
Calculate the remainder when 230742 is divided by 156.
18
Calculate the remainder when 7444 is divided by 195.
34
Calculate the remainder when 8803 is divided by 625.
53
Calculate the remainder when 599 is divided by 539.
60
What is the remainder when 3299 is divided by 22?
21
Calculate the remainder when 45883 is divided by 637.
19
What is the remainder when 54087 is divided by 2003?
6
Calculate the remainder when 8797 is divided by 25.
22
What is the remainder when 973532 is divided by 63?
56
Calculate the remainder when 394829 is divided by 8973.
17
What is the remainder when 1620 is divided by 38?
24
Calculate the remainder when 88511 is divided by 181.
2
What is the remainder when 36319 is divided by 1037?
24
What is the remainder when 181817 is divided by 518?
517
Calculate the remainder when 12874 is divided by 2574.
4
Calculate the remainder when 3978837 is divided by 10.
7
Calculate the remainder when 4955 is divided by 293.
267
What is the remainder when 35579 is divided by 531?
2
Calculate the remainder when 70913 is divided by 13.
11
Calculate the remainder when 338668 is divided by 1259.
1256
What is the remainder when 1253270 is divided by 2287?
2281
What is the remainder when 98087 is divided by 52?
15
What is the remainder when 10103 is divided by 325?
28
Calculate the remainder when 177018 is divided by 2329.
14
What is the remainder when 1991 is divided by 63?
38
What is the remainder when 128494 is divided by 283?
12
What is the remainder when 4386 is divided by 1438?
72
Calculate the remainder when 3647 is divided by 411.
359
What is the remainder when 126141 is divided by 1777?
1751
What is the remainder when 467633 is divided by 45?
38
Calculate the remainder when 255988 is divided by 159.
157
Calculate the remainder when 620545 is divided by 393.
391
Calculate the remainder when 11435 is divided by 70.
25
Calculate the remainder when 2862 is divided by 243.
189
What is the remainder when 1005 is divided by 82?
21
What is the remainder when 37839 is divided by 166?
157
Calculate the remainder when 269736 is divided by 38.
12
What is the remainder when 391 is divided by 54?
13
Calculate the remainder when 3201 is divided by 455.
16
Calculate the remainder when 117805 is divided by 321.
319
What is the remainder when 299571 is divided by 17?
14
Calculate the remainder when 7410 is divided by 22.
18
What is the remainder when 61217 is divided by 7?
2
What is the remainder when 13711 is divided by 33?
16
What is the remainder when 12619 is divided by 473?
321
Calculate the remainder when 13948 is divided by 24.
4
Calculate the remainder when 5498 is divided by 98.
10
What is the remainder when 3048 is divided by 244?
120
What is the remainder when 32814 is divided by 16?
14
What is the remainder when 320023 is divided by 753?
751
Calculate the remainder when 3685 is divided by 925.
910
Calculate the remainder when 7219 is divided by 154.
135
Calculate the remainder when 10450 is divided by 421.
346
Calculate the remainder when 163086 is divided by 112.
14
What is the remainder when 4729 is divided by 1571?
16
Calculate the remainder when 1440 is divided by 295.
260
What is the remainder when 18154 is divided by 71?
49
What is the remainder when 10079 is divided by 28?
27
What is the remainder when 198256 is divided by 372?
352
Calculate the remainder when 79658 is divided by 1137.
68
Calculate the remainder when 449940 is divided by 613.
611
Calculate the remainder when 475484 is divided by 36.
32
What is the remainder when 71918 is divided by 178?
6
Calculate the remainder when 246423 is divided by 12318.
63
What is the remainder when 259565 is divided by 191?
187
Calculate the remainder when 34859 is divided by 117.
110
What is the remainder when 25999 is divided by 20?
19
What is the remainder when 4617 is divided by 1497?
126
Calculate the remainder when 20052 is divided by 101.
54
Calculate the remainder when 471 is divided by 213.
45
What is the remainder when 119250 is divided by 2981?
10
Calculate the remainder when 7618399 is divided by 50.
49
Calculate the remainder when 81613 is divided by 10.
3
Calculate the remainder when 603120 is divided by 150768.
48
Calculate the remainder when 5146 is divided by 1254.
130
Calculate the remainder when 59707 is divided by 35.
32
Calculate the remainder when 64124 is divided by 31985.
154
What is the remainder when 48340 is divided by 54?
10
What is the remainder when 729 is divided by 656?
73
Calculate the remainder when 78332 is divided by 26.
20
What is the remainder when 2382 is divided by 479?
466
Calculate the remainder when 14628 is divided by 303.
84
What is the remainder when 54967 is divided by 27482?
3
What is the remainder when 6637 is divided by 3315?
7
Calculate the remainder when 1816 is divided by 103.
65
What is the remainder when 932 is divided by 236?
224
Calculate the remainder when 6840 is divided by 3404.
32
What is the remainder when 2465614 is divided by 744?
742
Calculate the remainder when 327 is divided by 62.
17
What is the remainder when 180086 is divided by 3531?
5
Calculate the remainder when 67982 is divided by 134.
44
What is the remainder when 5293 is divided by 806?
457
What is the remainder when 1839 is divided by 209?
167
What is the remainder when 51693 is divided by 27?
15
What is the remainder when 57280 is divided by 1593?
1525
What is the remainder when 3887 is divided by 487?
478
Calculate the remainder when 1009 is divided by 22.
19
What is the remainder when 67574 is divided by 75?
74
Calculate the remainder when 3698 is divided by 558.
350
What is the remain